s the hundreds digit of c?
1
Let l(t) be the third derivative of 5*t**4/8 + t**3/2 + 5*t**2. What is the units digit of l(2)?
3
Let p = 5 - -20. Suppose p = 7*w + 137. Let k = w + 75. What is the tens digit of k?
5
Let a(f) = -3*f + 3. Let u(k) = 6*k**3 + k**2 - k - 1. Let n = 24 - 25. Let o be u(n). What is the units digit of a(o)?
8
Suppose -13*v - 10390 = 114. What is the hundreds digit of (-5)/(-20)*v/(-2)?
1
Let i(z) = -7*z**2 - 132 + 65 + 62 - 13*z + z + z**3. Let q = 13 - 4. What is the tens digit of i(q)?
4
Let a be (19 - -78)*(1 - 0). Suppose 0 = 5*o + 2*n - 4*n - a, o + n - 18 = 0. Suppose -3*b + o = -s - 8, 45 = 5*b - 4*s. What is the units digit of b?
9
Suppose -2*k = u - 12, -4*k + u - 2*u + 20 = 0. Suppose -5*i + 1 + 9 = 0, 2 = -k*d + 5*i. What is the tens digit of (19 + 0)*(3 - d)?
1
Let g(b) = -b**3 + 19*b**2 + 21*b - 11. Let j be g(20). Let u = j - -21. What is the units digit of u?
0
Let n(w) = 2*w - 5. Let r be n(16). What is the units digit of (-2)/(-1)*-11*r/(-9)?
6
Suppose 20*h - 4248 = 16*h. What is the units digit of h?
2
Let t(w) = -7 - 2*w**2 - 2 + w**2 - 9*w + 6. What is the units digit of t(-7)?
1
Let i = -71 + 123. Let y = -14 + 12. Let j = y + i. What is the units digit of j?
0
Suppose -70*t - 380 = -65*t. What is the tens digit of (-16560)/t + (-4)/(-38)?
1
Let x(h) = 2*h - 2. Let l be x(2). Suppose l*o = -0*o + 132. What is the units digit of o?
6
Suppose -5*b - 2*v - 14 = -0*b, -4*b = v + 10. What is the tens digit of 65/(-30)*3*b?
1
Suppose w - 72 + 5 = 0. What is the tens digit of w/1 - (-5 + 4)?
6
Let v be (-40)/(-6)*30/4. Let b = v - 74. What is the tens digit of 16/b*(-39)/2?
1
Let y(c) = 7*c**2 - 6*c - 37. What is the units digit of y(-5)?
8
Let d(q) = -q**2 + 5*q + 2. Let j be d(4). Let w = j - 0. Suppose -w*b = -0*b - 108. What is the tens digit of b?
1
Suppose 0 = m + 2*b + b + 351, 4*m = b - 1352. Let d = -235 - m. What is the units digit of d?
4
Suppose 2*k + 2 = 18. What is the units digit of (k/(-6))/((-28)/294)?
4
Suppose 0 = s - 2*v - 291, 7*s = 6*s - 5*v + 277. What is the hundreds digit of s?
2
Let j = 17 + -7. Suppose 30 = x + j. What is the units digit of x?
0
Let s be (13/2)/((-4)/8). Let o = -22 - s. Let g = o + 16. What is the units digit of g?
7
Let i be (-14)/119 + (-70)/(-17). Suppose -6 + i = j. What is the tens digit of 46 - (-2)/j*3?
4
Let k = 196 + 1067. What is the thousands digit of k?
1
Suppose -486*h + 7029 = -475*h. What is the units digit of h?
9
Let v(s) = 2*s**2 + 4*s - 12. Suppose -3*r - 2*r + 2*m = 31, 3*r - 4*m + 13 = 0. What is the tens digit of v(r)?
5
Let w = 7 + -3. Let p(b) = 3*b - 9. Let l be p(w). Suppose -3*g + 102 = -l*f, -2*g - g - 3*f = -108. What is the units digit of g?
5
Let t(c) = c**3 - 2*c**2 - 15*c + 14. What is the units digit of t(6)?
8
Let a = -1 + 3. Suppose 5*l - 2*l = 4*o - 88, -11 = -o - a*l. What is the units digit of o?
9
What is the units digit of (-1 - -119)/(7/56)?
4
Let x = -109 + 564. Suppose x = 8*r - 801. What is the units digit of r?
7
Suppose -14*l + 30813 = -3221. What is the hundreds digit of l?
4
Let h(u) = -10*u - 4*u**3 + 3*u**3 + 2*u**3 + 1 + 8*u**2. Suppose 4*t + 5*j = -42, 9*t = 10*t - 2*j + 4. What is the tens digit of h(t)?
8
Suppose 2*l = 2*i - l + 1483, i + 4*l + 758 = 0. What is the units digit of i/(-6) - ((-85)/15 + 5)?
5
Suppose 13*x - 15*x - 22 = 0. Let q = 31 + x. What is the tens digit of 5/q*4*67?
6
What is the units digit of 78 - (-2 - (2 + (-1 - 2)))?
9
Let j be 5 + -1 - (-2 - 0). Let r = -2 + j. What is the tens digit of r/6 - 85/(-3)?
2
Let d(t) = -t**3 - 8*t**2 + 8*t - 4. Let x be d(-9). Suppose 3*b + b = -x*h + 1108, -4*h = 4*b - 888. What is the units digit of h?
0
Let p(x) be the third derivative of x**7/1260 + x**6/720 - x**5/10 - x**2. Let r(j) be the third derivative of p(j). What is the units digit of r(2)?
9
Suppose 2*m + 5*u + 25 = -m, 5*m - 5*u = -95. Let v = m + 34. Suppose -v = d - 63. What is the units digit of d?
4
Let j = 1964 + -1234. What is the units digit of j?
0
Suppose 0 = 12*s - 5237 + 1505. What is the units digit of s?
1
Suppose 25*k - 23*k = 446. Let u = k - 72. What is the units digit of u?
1
Let c = 6160 - 3127. Let l be (2 - 0)/(18/c). Suppose 4*d = w + 317, 4*d = -3*w + 8*w + l. What is the units digit of d?
8
Let m(j) = -7*j - 11. Let h be m(-2). Let a = 31 + -18. What is the units digit of h/(1 + 2)*a?
3
Let j(u) = 2*u**2 + 2*u + 2. Let l be j(-1). Suppose -l = -7*n + 5. What is the units digit of n?
1
Suppose 5*x - 3*d - 99 = 0, 2*d + 53 = 3*x - 3*d. Suppose -m + x + 87 = 0. What is the units digit of m?
8
Suppose 0 = -59*d + 54*d + 705. What is the hundreds digit of d?
1
Let h(t) = 123*t + 845. What is the units digit of h(8)?
9
Suppose -g + 30 = -2*m, -4*m - 22 = -3*m - 4*g. Suppose -4*y = -3*y - 3*n - 30, -4*y - 5*n = -69. Let s = y + m. What is the units digit of s?
7
Let f = -139 + 301. Suppose 0 = 4*x - x - f. What is the tens digit of x?
5
Suppose -3*x + 33 = -3*b, -6*x + 3*x = -b - 41. Suppose 3*t - 3*h + x = 0, -2*t = t + 4*h + 22. Let j = 9 - t. What is the units digit of j?
5
Suppose -4*x - 3*c + 22 = -0*c, c - 14 = -3*x. Let a = 84 - x. What is the units digit of a?
0
Let r(o) = 84 + 34*o**2 + o - 4*o - 3*o - 82. What is the tens digit of r(2)?
2
Let q = 8 - 6. Suppose -q*m - 396 + 74 = -3*k, m = -4*k + 433. Suppose 5*b + k = 3*f + 6*b, -3*f = 5*b - 96. What is the tens digit of f?
3
Let d = 306 - -1151. What is the hundreds digit of d?
4
Suppose -1434 = -2*x + 6*x + 5*l, 3*x + 4*l + 1076 = 0. What is the tens digit of x/(-6)*(-45)/(-30)?
8
What is the thousands digit of (-241345)/(-94) + 0 + (-1)/(-2)?
2
Suppose -o - 3*h + 1232 = 0, -2*h + 2296 + 160 = 2*o. What is the tens digit of o?
2
Let i = -323 + 437. What is the tens digit of i?
1
Let o(d) = 2*d**3 + 3*d**2 - d - 11. Let t be o(4). Suppose 0 = -z + 3 + t. What is the hundreds digit of z?
1
Suppose -l + 333 = 3*l - 3*d, -393 = -5*l - 4*d. Let x be ((-47)/(-2))/((-4)/8). Let w = x + l. What is the tens digit of w?
3
Let h = -70 - -37. Let m = h + 65. What is the units digit of m?
2
Let a(k) = -17*k - 44. Suppose 3*q + 27 + 18 = 0. What is the hundreds digit of a(q)?
2
Suppose 78*v + 12017 = 133541. What is the hundreds digit of v?
5
Suppose 40 + 16 = 7*n. Suppose -5*o + n = i - 7, 23 = i + o. What is the units digit of i?
5
Let g(r) be the second derivative of -7*r**3/6 + 18*r**2 - 24*r. What is the units digit of g(5)?
1
What is the tens digit of 6/9*(2724 + 1 + -4)?
1
Suppose 127*m = 135*m - 7056. What is the units digit of m?
2
Let m(n) be the first derivative of -n**4/4 - 7*n**3/3 - 3*n**2/2 - 4*n + 26. Suppose -16 + 2 = 2*z. What is the tens digit of m(z)?
1
What is the units digit of (-18 - -20)/(2/499)?
9
Let v(a) = 17*a**3 - 206*a + 2 + 205*a - 2*a**3 - 1 + a**2. What is the hundreds digit of v(2)?
1
What is the units digit of ((-10)/(-2 - -12))/((-1)/103)?
3
Suppose -d + 110 = -166. What is the hundreds digit of d?
2
Let u = -14 - 24. Let i = 138 + u. Suppose c + 3*c - i = 0. What is the units digit of c?
5
Let i = -345 + 751. What is the tens digit of i?
0
Let a(m) = -2*m**2 - m**3 + 13*m - 9 + 2*m**3 + 16*m**2 + m. What is the tens digit of a(-9)?
7
Let j = 2782 - 1687. What is the hundreds digit of j?
0
Suppose 0 = 4*c - 2*c, 0 = 5*z - 2*c. Let n(h) = 18 + 1 - h + 0*h. What is the tens digit of n(z)?
1
Suppose 3*x + 50 = -4*c, 4*x + 67 = -9*c + 4*c. Let b = 56 - x. What is the units digit of b?
4
Let c(m) be the third derivative of m**4/6 - 5*m**3/6 - 4*m**2. Let l be c(9). Let i = l - 18. What is the tens digit of i?
1
Suppose 0 = 3*p + 3*r - 375, -9*r = -5*p - 4*r + 595. What is the tens digit of p?
2
What is the hundreds digit of (-198)/4*132/(-18)?
3
What is the hundreds digit of (96288/45)/2 - 6/(-45)?
0
Let v = -1587 + 998. Let a = -213 - v. What is the tens digit of 6/(-8) - a/(-32)?
1
Let k(u) = 29*u + 9. Let z = -77 - -81. What is the units digit of k(z)?
5
Let a be (-11)/(-6) + 8/48. Suppose 0 = -a*d + 23 + 311. Suppose 0 = -3*v + 5*c + d, 0 = v + 4*v - 2*c - 272. What is the tens digit of v?
5
Let r = 362 - 250. What is the units digit of r?
2
Let z be (-4)/(-10) - 1108/20. Let u = 15 + z. Let r = 75 + u. What is the units digit of r?
5
Suppose 22*i - 26*i = -1880. Suppose -2*c = 118 -